et a be y(2). Let k = -867 - -878. Calculate the highest common divisor of a and k.
11
Suppose -4*x - 11*u + 9*u = -114, x - 5*u - 1 = 0. What is the highest common divisor of 91 and x?
13
Let h(r) be the third derivative of -r**4/24 - 3*r**3/2 + 3*r**2. Let g be h(-10). What is the greatest common factor of g and 11?
1
Let o = -72 + 108. Let c(a) = a**2 + 3*a + 3. Let s be c(-3). Suppose -s*l + 9 = -18. What is the highest common factor of l and o?
9
Let x(l) = l**2 - 9*l + 5. Let p be 4 + 4*(-5)/(-4). Let h be x(p). Let w(y) = 2*y**2 - y + 4. Let c be w(h). What is the greatest common factor of 7 and c?
7
Suppose -n + 1 = -2*j + 84, 2*n + 4*j = -190. Let z = n + 92. What is the highest common factor of z and 27?
3
Let y(j) = 47*j**2 + 6*j + 3. Let p be y(-3). Calculate the highest common factor of p and 8.
8
Let g = -3 - -18. Let v(b) = b**2 - 19*b + 21. Let m be v(18). Suppose -1 = m*j - 3*y - 22, j + 5 = 5*y. Calculate the highest common divisor of g and j.
5
Let z(c) = -c**3 + 6*c**2 - 8. Let s be z(5). Let q = -66 + 253. Let r be -2 + 3 + -1 + q. Calculate the greatest common divisor of s and r.
17
Let r(q) = -4 - 719*q + 694*q - 3. Let s be r(-1). What is the greatest common divisor of 9 and s?
9
Let g = -67 - -104. Let u = g + -17. What is the highest common divisor of u and 30?
10
Suppose -5*a = -3*q + 85, 20*q - 21*q - a + 15 = 0. What is the highest common divisor of 310 and q?
10
Let d be -5 + (0 - -1 - 3). Let u be -1 + 5 + (-6 - d). Suppose -2*k + 112 = 4*r, -u*k - 4 = r - 14. What is the greatest common factor of r and 3?
3
Let c be 1/(-1 - (-84)/81). Suppose -5*d + c = 7. Suppose d*x = b - 2*b + 26, -5*x + 37 = -b. Calculate the greatest common divisor of 56 and x.
7
Let s be 25*(31/(-11) - 16/88). Let h = s - -111. Let l(p) = 3*p**3 + 2*p**2 - 3*p. Let b be l(3). Calculate the highest common factor of b and h.
18
Suppose g - 8 = 3*g. Let b be (3 + -6 - g) + 77. Suppose r + 2*f = 18, -r + b = 4*r - 2*f. What is the highest common factor of r and 48?
16
Suppose 4*o - 25 - 59 = 0. Let h be (11/33)/(1/(-21)). Let j be (30*1)/(-5)*h. What is the greatest common divisor of o and j?
21
Suppose -36 = -p - 5*s, 0 = 15*p - 10*p - s - 284. Suppose 2*c + 14 = 3*n, 6*n - n + 4*c = 60. What is the highest common divisor of n and p?
8
Let a(w) = 6*w**3 + 2*w**2 - 2*w + 2. Let j be a(2). Let k = j - 30. What is the highest common factor of k and 24?
24
Let p be 6/(-2) - (-85)/5. Let b be (-1)/(-2) + (-119)/p. Let h be (-12)/b - (-33)/6. What is the greatest common factor of h and 77?
7
Let z(b) = -5*b**3 + 5*b**2 + 4*b - 4. Let p be z(-2). What is the highest common factor of p and 80?
16
Let k(h) = -34*h - 5. Let v be 1 + 1 + (-4 - -3). Let w be 5/v*(2 - 3). Let p be k(w). What is the greatest common factor of p and 15?
15
Let w(t) = -t - 9. Let a be w(-11). Suppose 178 = a*j - 190. Calculate the greatest common factor of 23 and j.
23
Let p = -19 - 0. Let n = 20 + p. Let m(g) = g**2 - g - 4. Let u be m(3). What is the greatest common factor of u and n?
1
Let s = -2 - 10. Let i(f) = -2*f - 6. Let v be i(s). Let j be 1 + 0/1 + 1. What is the highest common factor of j and v?
2
Let u be -3 - 98/(-35)*5. Calculate the greatest common divisor of 1243 and u.
11
Let m be 9/(162/(-24)) + 100/12. What is the greatest common divisor of 7 and m?
7
Let w be 15 + -1 - (-2 + 4). Let m = -25 + 43. Suppose i = -4*a + 72, -i + m = a - 3*i. Calculate the greatest common factor of w and a.
6
Let u = -218 - -273. What is the greatest common divisor of 99 and u?
11
Suppose s - 270 = -s. Let n = 9 + -7. Suppose -n*m - 25 = -q, -5*m - 4 = 5*q - 54. Calculate the highest common divisor of q and s.
15
Suppose -3*y + 52 = 10*y. Let g = 24 - -12. Calculate the greatest common divisor of y and g.
4
Let b = 15 + -5. Suppose b*d - 132 = 4*d. Calculate the highest common divisor of 11 and d.
11
Suppose -5*p + 17 = -13. Suppose -57 = 3*x - p*x. Calculate the greatest common divisor of 95 and x.
19
Let z = 107 - 167. Suppose -3*c = w - 5, 2*c + 25 = 4*c + 5*w. Let n be c + 4*z/(-16). What is the greatest common divisor of 3 and n?
3
Let k = -6298 - -6320. Suppose -5*p + 8*p = 6. Calculate the highest common divisor of k and p.
2
Let h(t) = 13*t - 317. Let m be h(44). What is the highest common divisor of m and 15?
15
Let a(m) = m**3 + 7*m**2 + 5*m - 3. Let o be a(-6). Let i be 1 + (-23)/2*-2. What is the greatest common factor of i and o?
3
Suppose -3*g - t + 126 = 0, -9*g + 4*t = -4*g - 210. What is the highest common divisor of g and 30?
6
Let r(h) = -246*h + 749. Let i be r(3). Calculate the greatest common factor of i and 2.
1
Let u be 1/2 - 75/(-10). Let x be (3 + -1)/(9 - u). Suppose -5*h = -5*k - 100, -h + 5*k + 4 = -x*h. What is the greatest common divisor of 176 and h?
16
Let i be 90/270 - 19*(-26)/3. What is the greatest common divisor of 275 and i?
55
Let n = 320 - 146. Let j(h) = 5*h**2 - 6*h + 2. Suppose 0 = -7*x + 25 - 4. Let i be j(x). Calculate the greatest common divisor of n and i.
29
Let f be (1 - 2)/(14/(-98)). What is the highest common divisor of 1 and f?
1
Suppose 8*w = 4*w + 3*y + 1245, 2*w + 3*y - 627 = 0. Calculate the highest common divisor of 39 and w.
39
Suppose -2*k - 116*k = -659620. What is the highest common divisor of k and 130?
130
Suppose 2616 - 240 = 66*n. What is the greatest common divisor of n and 972?
36
Let w(d) = -84*d - 1. Let s be w(-1). Suppose 5*v - s - 47 = 0. Let h(m) = m**2 - 3*m - 2. Let a be h(-6). What is the greatest common factor of v and a?
26
Let i = -2102 - -2104. Let j(q) = q**3 + 6*q**2 + 4*q - 4. Let n be j(-5). What is the highest common divisor of n and i?
1
Let h = -1210 + 1237. What is the highest common divisor of h and 21?
3
Let v be (0 - (3 + -2))*-569. Let q = 450 + -766. Let s = v + q. What is the highest common factor of 23 and s?
23
Let n(z) = -z**3 + 5*z**2 - 2*z - 6. Let w be 5/3 - 52/(-39). Let a be n(w). Suppose 1 = a*t - 5*t. What is the greatest common divisor of 3 and t?
1
Suppose -9*m + 332 + 370 = 0. What is the highest common divisor of 429 and m?
39
Suppose -4*w + 5*m - 8 = -28, -2*m = 2*w - 28. Suppose -14 = -4*f - 2. Let u be 28 + (f + 1 - 2). Calculate the highest common factor of w and u.
10
Let k be (3/4)/(29/232) - -22. What is the highest common factor of 92 and k?
4
Let g(v) = 57*v**2 - 90*v + 267. Let u be g(3). What is the highest common factor of 150 and u?
30
Suppose 0*h - 80 = -4*h. Let b be (-265)/(-25) + 8/h. Calculate the greatest common factor of 44 and b.
11
Suppose 0*p + 3*p + 3 = 0. Let l(c) = -22*c - 1. Let t be l(p). Suppose r = 3*h + 3 - 34, -h = -3*r - t. What is the greatest common divisor of h and 9?
9
Suppose 682*t = 694*t - 8112. Calculate the highest common factor of 4 and t.
4
Suppose 2*q + 136 = 2*o - 2*q, 3*o - 2*q = 220. Calculate the highest common divisor of 133 and o.
19
Suppose 0 = -4*g - 5*m + 70, -3*g + 81 = 2*g + 3*m. What is the greatest common divisor of 45 and g?
15
Suppose 3*n = n + 8. Suppose -23 = -5*v - g, n*v - 3*v = -3*g - 1. Calculate the greatest common divisor of v and 90.
5
Let p(v) = -v**3 - 20*v**2 - v - 6. Let j be p(-20). What is the greatest common divisor of j and 1288?
14
Suppose 0 = -0*i + 4*i - 16. Suppose -i*b = 20 - 4. Let s(f) = -f**3 - 3*f**2 - 5*f. Let u be s(b). Calculate the highest common factor of 54 and u.
18
Let m = 50 - 43. Calculate the highest common divisor of 63 and m.
7
Let z = -524 - -695. Calculate the greatest common divisor of z and 133.
19
Let v(o) = -o + 1. Let c be v(7). Let x = c - -7. Suppose -x = m - 7. What is the greatest common factor of 12 and m?
6
Let l = 57 - 26. Suppose 0 = -35*r + l*r + 76. Calculate the greatest common divisor of 171 and r.
19
Let p be ((-5)/(-10)*-14 - -5)*-24. Calculate the highest common factor of p and 408.
24
Let u = 126 - 88. Let n = -34 + 34. Suppose -5*z - s + 3*s + u = n, -4*s + 44 = 5*z. What is the greatest common factor of 88 and z?
8
Suppose -a = 4*a + 5. Let l be (5 + -6)/(a/4). Suppose 0 = -2*w + r + 23 - l, 2*w + 3*r - 15 = 0. Calculate the greatest common divisor of w and 99.
9
Let b be (3/6)/(12/1080). Calculate the greatest common factor of b and 1035.
45
Suppose -19*l = -1113 - 1281. Suppose s = 4*s - 213. Let q = l - s. Calculate the greatest common fact